Suppose j - f = -5*j. Suppose 3*d + u - j = 5*u, 2*d = 3*u + 24. What is the units digit of d?
8
Let s(v) = -2*v**2 - 21*v + 5. Let d be s(-7). Suppose 2*z - 368 = -d. What is the units digit of z?
7
Suppose 4*j + 0*j = 72. Let i = -57 - -53. Let k = j - i. What is the units digit of k?
2
Let r(f) = -f**2 - 27*f + 2. Let x be r(-6). Let u = x + -103. What is the units digit of u?
5
Let s(r) = 190*r - 2. What is the hundreds digit of s(1)?
1
Let p(u) = u - 6*u + 3 + 3*u + 3*u. Let l be p(-1). What is the units digit of l + (-4 - -3)*-33?
5
What is the units digit of (-365)/2*(-5)/((-25)/(-10))?
5
Let n = -11 - -15. Suppose 2*x = -3*p - 3*x + 353, 3*p + n*x = 349. What is the units digit of p?
1
Suppose -1 = -2*v + 3. Let o(i) = -16*i**2 - 10 + 9*i**2 + v*i + 8*i**2 + i. What is the tens digit of o(-7)?
1
Let g(r) = -r + 45. Let f be g(0). Suppose 0 = -5*u - f - 100. Let k = u + 43. What is the units digit of k?
4
Suppose 0 = 20*l + 2732 - 10292. What is the units digit of l?
8
Suppose 3*i - 2*i + 4 = 0. Let p(k) = k**3 + 3*k**2 - 5*k - 1. Let l be p(i). Suppose -c = -3*x - 9, 0 = 5*c - 4*c + l*x - 27. What is the units digit of c?
8
Suppose -s = -2*v + 7, 4*v = -0*v + 20. Suppose 2*z - 3*z = -s. Suppose 13 = -z*x + 79. What is the units digit of x?
2
Suppose -k - 76 = -5*r, 5*k - k = 2*r - 16. Suppose 0*c = -c + r. What is the units digit of c?
6
What is the tens digit of 804416/432 + (-75)/(-81) + -1?
6
Let v = 26 - -91. Suppose -2*r + 73 + v = 0. What is the units digit of r?
5
Suppose 2816 = 8*n - 3*n + 4*t, 2815 = 5*n + 5*t. What is the tens digit of n?
6
Let h = -56 + 107. Let n = 78 - h. What is the units digit of n?
7
Suppose k = 4*k. Suppose 5*o - 5*l - 367 = -127, 4*l = -o + 38. Suppose -3*z + b = -98, z + 3*b = -k + o. What is the units digit of z?
4
Let i(s) = s**3 - s**2 - 2*s + 12. Let r be i(0). Let y(x) = x**3 - 11*x**2 - 2*x + 27. What is the hundreds digit of y(r)?
1
Let s be -3 + (1 - -1)*-5. Let d = 31 + s. What is the tens digit of d?
1
What is the tens digit of -10 + (-10)/(-1) + (-1 - -2882)?
8
What is the hundreds digit of 30/18 + -3 - 15892/(-12)?
3
Let x(p) = 915*p**2 - p + 2. Let l be x(1). Suppose l = 3*h + 268. What is the tens digit of h?
1
Suppose 5*s - 6507 = 7*b - 6*b, 4*b = 12. What is the units digit of s?
2
Suppose 184 = 3*j - 59. Suppose 3*w - 369 = -3*n, -5*w - j = -n - 666. Suppose 7*p - 517 = -w. What is the tens digit of p?
5
Let p = 774 + -353. What is the hundreds digit of p?
4
Let q be ((-18)/(-15))/((-4)/(-10)). Suppose -4*a - j = -q*j - 26, -2*a - j = -15. Let x(v) = v**2 + 1. What is the tens digit of x(a)?
5
Suppose -5*x + 14 = 2*x. Suppose x*d - 4 = 0, 2*f = -3*d - 63 + 177. What is the tens digit of f?
5
Let q(p) = 16*p**2 + 6*p + 75. What is the tens digit of q(-6)?
1
Suppose 0 = 2*o + 5468 + 17834. What is the hundreds digit of (o/122)/(0 + 2/(-4))?
1
Let j(a) be the second derivative of 0 - 5/2*a**2 - 14/3*a**3 - 5*a. What is the units digit of j(-2)?
1
Suppose 0 = -0*j - 5*j. Suppose j = 2*n + 6, 2*n + 2 = c + 7*n. What is the units digit of c?
7
Suppose 0 = -5*k - 7 - 8. Let i = 58 + k. What is the tens digit of i?
5
Let a(j) = -j**2 + 12*j + 3. Let r be a(12). Suppose r*w = 5*s + 166 + 247, 5*s = -w + 131. What is the hundreds digit of w?
1
Let i(l) = l**2 - 5*l - 3. Suppose 0 = -m - 0 - 45. Let k be (-10)/m + 104/18. What is the units digit of i(k)?
3
Let d(a) = 7*a**2 + 2*a - 4. Suppose 26*m - 21*m - 15 = 0. What is the tens digit of d(m)?
6
Suppose -2*q = -3*q + 1. Suppose -4*d = -7 - q. What is the units digit of 24/d*(-4)/(-6)?
8
Let u = -54 + 57. Suppose 2*g = -5*r + r + 326, 0 = u*g - 5*r - 434. What is the tens digit of g?
5
Suppose 2*n + 8*w - 3*w - 10 = 0, 3*n - 3*w = 57. Let x = 28 + n. What is the tens digit of x?
4
What is the units digit of 39*78/9 + 7?
5
Let s = -18 + 22. Suppose -3*y - 315 = -6*y + 5*v, 4*y - 420 = -s*v. What is the tens digit of y?
0
Let w = -749 + 2440. What is the units digit of w?
1
Let i = 26 + -30. What is the tens digit of 1 + i/(-4) - -51?
5
Suppose -17*i + 15*i = 28. What is the units digit of (-7)/i + 38/4?
0
Suppose 0 = 5*n - 582 - 663. Let y = n - 160. Suppose 1 - y = -4*w. What is the units digit of w?
2
Let u be (7 - -3)*5/(-2). Let p = u + 122. What is the tens digit of p?
9
Let j be (-1)/(3 + (-1942)/647). Suppose -5*d = -j + 187. What is the tens digit of d?
9
Suppose -150 - 3 = 3*s. Let c = s - -72. What is the units digit of c?
1
Suppose 5*h = 2*h. Let y = -6 - -3. What is the units digit of (y + 4)*(9 + h)?
9
Suppose 0 = f - 1 - 5. Suppose f*y = 2*y + 344. What is the units digit of y?
6
Let t = 240 + -235. Suppose 145 = 4*q - 3*y, 2*y = -5*q + 173 + 14. Suppose -t*n + 73 = -q. What is the tens digit of n?
2
Let t = 49 - -244. What is the hundreds digit of t?
2
Suppose 2*r + 42 = 3*r. Suppose 0 = -4*x - r + 346. What is the units digit of x?
6
Let t(n) = -n**2 - 1. Let p(z) = -7*z - 4. Let r(d) = p(d) + t(d). Let u = 68 - 74. What is the units digit of r(u)?
1
Let b = 407 + -98. What is the tens digit of b?
0
Let w = 1887 + -659. What is the tens digit of w?
2
Let o(i) = -i**3 - 8*i**2 + i + 10. Let k be o(-8). What is the tens digit of ((-98)/3)/(3/(-9)*k)?
4
Let a be (22/4)/((-11)/1100). Let n = a + 777. What is the tens digit of n?
2
Let q(j) = -121*j + 14. What is the hundreds digit of q(-3)?
3
Let t = 367 - 41. What is the tens digit of t?
2
Suppose 0*h - h = -2*j - 33, -2*h + 38 = -2*j. Let n = -9 - j. Suppose 0 = -3*v + a + 80, 0*v = -4*v + n*a + 125. What is the tens digit of v?
2
Let x(d) be the first derivative of 9*d**2/2 - 19*d - 1. What is the tens digit of x(7)?
4
Suppose -3*s - 2*p + 13 = 0, s + 4*p - 9*p + 24 = 0. Let d(b) = 231*b**2 + 4*b - 5. What is the tens digit of d(s)?
3
What is the tens digit of 34*(-1)/3*-6?
6
Suppose -12*x + 16*x - 5*h - 1228 = 0, 614 = 2*x - 4*h. What is the hundreds digit of x?
3
Let y(k) = -3*k - 8. Let w be y(-10). Suppose 18*r + 32 = w*r. What is the units digit of r?
8
Let d(v) = -v**3 + 7*v**2 - 4*v - 2. Let l be d(6). What is the tens digit of (-364)/(-5) - (-2)/l?
7
Let a(f) = 7*f**2 - 3*f - 1. Let q be a(-2). Let z(h) = -h + 23. Let p be z(0). Let k = q - p. What is the units digit of k?
0
Let m be (-284)/10 + 14/35. Let d = 16 + m. What is the units digit of (2/(-4))/(d/72)?
3
Let w(y) = y**3 - 3*y**2 + y + 3. Let g be w(3). Suppose -g*i = -2*i - 12. Suppose 6 = s + 4*p, 86 = 3*s + i*p - 8*p. What is the tens digit of s?
2
Suppose -5*y - 23 - 2 = 0, y = 5*z - 30. Let c(s) = s**3 - 3*s + 4 + s - 5*s - 2*s**2. What is the tens digit of c(z)?
4
Let j be (-15)/2 + 1/2. Let h be j/2*24/(-14). Suppose h + 5 = t. What is the units digit of t?
1
Let v(q) = q + 4. Suppose 2*x + m + 2*m - 3 = 0, -2*x + 2*m - 22 = 0. Let d be v(x). What is the tens digit of d - -3 - 1 - -15?
1
Let c(y) = y**3 + 10*y**2 - 10*y + 15. Let t be c(-11). What is the units digit of (4/(-4) + t)*1?
3
Let t be -2 - (-185 + 4) - 1. Suppose 5*h - 217 - t = 0. What is the units digit of h?
9
Let c = 212 + 8. Suppose -2*m = 3*m + 2*q - 1060, -m + c = 2*q. What is the units digit of m?
0
Let o(c) = 2*c**2 - 15*c + 15. What is the tens digit of o(12)?
2
Let g = 26 - -815. What is the hundreds digit of g?
8
Let x(d) = 25*d - 1. Let p(s) = s**3 + 9*s**2 + 8*s + 2. Let z be p(-8). What is the units digit of x(z)?
9
Suppose -10 = 2*n - 7*n. Suppose 0 = n*i + 10, -3*i - 34 = -3*m + 176. What is the tens digit of m?
6
Let x(i) = 9*i - 13. Let m be x(3). Let r be 386/m - (-15)/35. Suppose -128 = -4*o + r. What is the tens digit of o?
3
Let r(h) = 240*h + 5. What is the units digit of r(14)?
5
Let x = -6 + 18. Suppose -x = 5*g - 57. Let i = 0 + g. What is the units digit of i?
9
Suppose u + 3*r - 1 = 0, 3*r = -u - r. What is the hundreds digit of (u/5)/((-6)/(-1395))?
1
Suppose -2*f + o = -9 - 1, -5*o = -5*f + 35. Let l(t) = 5*t + 5. What is the tens digit of l(f)?
2
Let u = 297 - -55. What is the tens digit of u?
5
Suppose 5*z - 14562 = -j, 473 = z - j - 2437. What is the tens digit of z?
1
Let s(c) = -28*c. Let t be s(6). Suppose -2*n + w + 5 = 0, 2 = -3*w + 5. What is the tens digit of n/(-2)*t/9?
2
Let q be (8 + 2)*(-14)/35. Let l = -202 - -108. What is the tens digit of (l/q)/(1/2)?
4
Suppose z - 24 = -z. Suppose 5 = 4*o + 3*